 the first derivative of t**4/4 + t**3/3 + 12*t - 1. Suppose -2*z = 3*q - z, -4*q + 78*z - 34*z = 42*z. Give k(q).
12
Let d(n) = -2*n**2 - 9*n - 20. Let s(z) = -z**2 + z - 1. Let f(y) = d(y) - 4*s(y). Let w be f(8). Let g(i) = i**3 - 7*i**2 - 5*i - 5. Determine g(w).
19
Suppose 0 = -18*l + 92 + 160. Let b(d) = d - 13 + l + 16. What is b(-13)?
4
Let h(y) = y - 6. Let k(r) = -1. Let p(t) = h(t) - 3*k(t). Suppose -4*x = 2*s - 40, -38 = -4*s - 14*x + 12*x. Determine p(s).
3
Let n(y) = -4*y**2 + 106*y + 57. Let c = -15110 + 15137. Determine n(c).
3
Suppose 2*y + 4 = 0, -5*s + 0*y = -2*y - 99. Let a(k) = 10*k + 10*k - s*k + 2 - 1. Calculate a(-2).
-1
Let n(u) = u**3 + 632*u**2 - 318*u**2 - 310*u**2 - 1 + 2*u. Let g = 10 - 14. Let z be 7/(-2) - g/8. Determine n(z).
2
Let d(q) be the third derivative of -2*q**2 - 1/60*q**5 + 0 - 13/6*q**3 + 0*q - 1/12*q**4. Let v(i) be the first derivative of d(i). Determine v(-3).
4
Let f(a) = 8*a + 24. Let o(g) = -3*g - 10. Let l(k) = 5*f(k) + 12*o(k). Let b(z) = z**3 - 10*z**2 + 8. Let i be b(10). Suppose -5*t = -i*t - 6. Give l(t).
-8
Let v(a) = -a**3 + 7*a**2 - 4*a - 7. Let s be v(6). Let z(t) = 2*t**2 + s - 1 - 2 + 2*t. Let j(m) = -m**3 + 15*m**2 + 57*m - 394. Let r be j(17). Give z(r).
14
Let k(w) = -w**2 + 3*w. Let a be (-4*(-10)/(-4))/(1 + -2). Suppose a*u - 40 = -0. Give k(u).
-4
Let t(u) = u**3 - 18*u**2 + 4*u - 69. Let x be t(18). Let s(i) = 26 - 247*i + i**x - 239*i + 12*i**2 + 488*i. Give s(-12).
2
Let u(q) = -q**2 + 14*q - 13. Let n(r) = -r**2 + 41*r + 8. Let j be n(38). Let c = 135 - j. Give u(c).
0
Suppose 2*r + 3*o = 10, 2*r = 2*o - 7*o + 14. Let m(p) = p**2 + 10*p - 18. Determine m(r).
6
Suppose -10*m = -m - 2286. Let q = m + -258. Let v(g) = g**3 + 4*g**2 - 1. Give v(q).
-1
Let w(h) = h**3 - 18*h**2 + 15*h + 35. Let f be w(17). Suppose 3*l = l. Let q(y) = -281 - y + 280 + l*y. Calculate q(f).
-2
Let j(g) = -g**2 - 9*g + 2. Suppose -2*x + 3*s + 72 - 73 = 0, x = -4*s - 28. Determine j(x).
10
Let j(r) be the first derivative of 0*r**2 - 2*r + r**3 - 1/4*r**4 + 137. Let q = -16 - -18. What is j(q)?
2
Let c(u) = 295*u - 1480. Let n be c(5). Let x(r) = -6*r**2 - 33*r - 10. Give x(n).
5
Let a(f) = -5 - f + 4 - 4. Let w be 0/(-2) + (-1)/(2/6). Let n be (0 + w)/((-15)/(-35)). What is a(n)?
2
Let q(s) be the first derivative of -s**4/4 + 3*s**3 + 7*s**2/2 + 17*s - 4674. What is q(10)?
-13
Let b(v) = -v**3 + 4*v**2 + 4*v + 7. Let g = -321 + 336. Suppose g = 3*n - 0. What is b(n)?
2
Let k(y) = -133*y**2 - 3*y + 27. Let w(l) = 22*l**2 - l. Let p(i) = -k(i) - 6*w(i). What is p(3)?
9
Let a(d) = -d**2 - 11*d - 4. Let i be 168/20 - 3/(-5). Suppose 286 = i*y - 587. Let g be 5 + 235/(-45) + y/(-9). Calculate a(g).
-4
Let s(q) = 2*q**2 + 4*q + 4. Let v be ((-23)/(-69))/((-2)/(-24)). Suppose -f - v*w - 3 = 0, 2*f + 0*w - 3*w = -6. Calculate s(f).
10
Let s(u) be the first derivative of u**3/6 - 27*u**2/2 - 165*u - 193. Let f(t) be the first derivative of s(t). Give f(20).
-7
Let y(b) = 11*b + 5. Suppose -73 = 122*n + 268 + 269. Give y(n).
-50
Let f(z) = z + 17. Suppose 4*r = -j + 23, -j + 1 = -4*r + 18. Suppose 3*q - 8*d = -j*d - 23, 3 = 3*d. Calculate f(q).
11
Let j(g) = 284*g - 495*g + 212*g + 8. Determine j(18).
26
Let q(u) be the second derivative of u**6/60 - u**5/30 + u**4/6 - u**3/2 + 6*u**2 - 15*u. Let h(l) be the first derivative of q(l). Calculate h(2).
13
Let q be 72/8*(1 + 4/(-3)). Suppose h + h = 22. Let c(o) = -o**2 - 3*o - 6. Let k(u) = 5*u**2 + 14*u + 31. Let t(w) = h*c(w) + 2*k(w). Determine t(q).
2
Suppose -253*d + 250*d = -7707. Suppose -d + 2581 = 4*j. Let m(h) be the second derivative of -h**4/12 + h**3/2 - h**2 - h. Calculate m(j).
-2
Let q(o) = -9*o - 31. Let k be q(2). Let g = 38 + k. Let z(l) = -l**2 - 12*l - 11. Calculate z(g).
0
Let w(x) = 2*x**3 + 11*x - 30. Let l = -606 + 612. Let j(g) = -g**3 - 6*g + 16. Let v(a) = l*w(a) + 11*j(a). Give v(0).
-4
Let z(h) = -45*h**2 + 5*h + 2. Suppose -41*f = -32*f - 45*f - 36. What is z(f)?
-48
Let t(k) = -k**2 + 15*k - 12. Let b be 2/(-13) + 16/(4160/3420). Determine t(b).
14
Let w(t) = -5*t + 4. Let h = 19 - 22. Let j be 2/h - 1192/(-24). Let m = 52 - j. What is w(m)?
-11
Let i(m) = -m**3 - 118*m**2 + 244*m + 476. Let x be i(-120). Let y(t) = 9*t + 13. Calculate y(x).
-23
Let i(f) = -117*f - 57 - 90*f + f**3 - 15*f**2 - 111*f - 112*f + 460*f. Give i(13).
-5
Let h(x) = x**2 + 61*x + 60. Let o be h(-60). Let n(t) = -t**3 - t**2 - 16*t - 3. Determine n(o).
-3
Let w(z) = 86*z - 205. Let x(u) = -6*u + 36. Let r(c) = w(c) + 6*x(c). What is r(-2)?
-89
Let l(j) = 237*j + 4029. Let k be l(-17). Let a(i) = i**3 + i**2 - 7*i - 10. Calculate a(k).
-10
Suppose 46*l - 53*l - 3808 = 0. Let h = -542 - l. Let f(j) = -2*j**3 + 3*j**2 + j - 2. Give f(h).
-4
Let x(j) = 7*j**2 + 8*j - 2*j**2 - j - 54790 - j**3 + 54784. Give x(5).
29
Let v(a) = -4404*a + 0 + a**2 - 8 + 4417*a. Let r(n) = 6*n**2 + 65*n - 38. Let p(w) = 2*r(w) - 11*v(w). Determine p(8).
-28
Suppose 5*r - 17 = -3*z, -166*z + 5*r - 26 = -170*z. Let h(k) be the second derivative of k**5/20 - 2*k**4/3 - 7*k**3/6 - 6*k**2 - 5*k. Determine h(z).
6
Let r be -3*(-1 - 7/(-3)). Let k(h) = 182*h. Let z(g) = -303*g. Let a(m) = -10*k(m) - 6*z(m). What is a(r)?
8
Let g(s) = 12 - 12*s - 7 + 2*s**2 + 3*s**2 - s**2 + 3 - s**3. Give g(3).
-19
Let i(b) = 3*b**3 - 5*b**2 - 2*b + 4. Let c be (-5)/6 - 3519/(-1242). Give i(c).
4
Let v(t) be the first derivative of -t**5/60 + 2*t**3/3 + t**2/2 + 17*t - 83. Let a(j) be the second derivative of v(j). Calculate a(3).
-5
Let x(k) = -5*k + 2*k + 2*k + 10. Let w(h) = h**2 + 85*h - 5496. Let q be w(43). Calculate x(q).
2
Let d(f) = -f**2 - 10*f - 5. Let o(s) = -s**3 + s**2 - s - 66. Let u be o(0). Let p be u/(-9) - 2/(-3). Suppose -2*w - 27 = 3*j, -22 = 4*w - 2*j + p. Give d(w).
4
Let z(d) be the first derivative of -d**4/4 - 4*d**3/3 + 3*d + 52. Let j = 19 + -31. Let c = j + 9. Give z(c).
-6
Let o(s) = -23*s - 76. Let i = 5245 - 5248. Give o(i).
-7
Let g(o) = 8*o - 4. Let u be (-1)/(5 + -3 - 3). Suppose b = -u + 4. Determine g(b).
20
Let q(y) be the second derivative of -y**5/20 + 7*y**4/4 + 25*y**3/6 - 75*y**2/2 + 30*y - 1. Determine q(22).
-9
Let x(q) = -q + 3. Let h = 176 + -181. Let r(b) = -b**3 - 4*b**2 + 11*b + 30. Let n be r(h). What is x(n)?
3
Let f = 2/22541 + 157547/2704920. Let v(w) be the third derivative of -1/24*w**4 + 13*w**2 + 0 - 1/6*w**3 + 0*w + 0*w**5 - f*w**6. Give v(-1).
7
Suppose 0 = -5*h - 5 - 15. Let o(f) = f**3 - 10*f**2 - 2*f + 22. Let m be o(10). Let g(v) = -4 + 2*v - 1 + 4 - m + 5*v**2 - 4*v**2. Calculate g(h).
5
Suppose 7 = p + 5*k - 15, -p + k = 2. Suppose -7*a - g = -6*a - 4, g = p*a - 23. Let f(h) = h - 5. Determine f(a).
4
Let r(j) = j**2 - 5*j + 4. Let n = -273 + 131. Let v = -152 - n. Let h be ((-24)/v)/((-20)/(-50)). Determine r(h).
10
Let z(x) = -x**2 - 11*x - 33. Let u be 114/(-22) + (3 - 0)*64/1056. Calculate z(u).
-3
Let s(c) = -21*c + 918. Let f be s(43). Let b(a) = -a**3 + 16*a**2 - 14*a - 11. What is b(f)?
4
Let s(w) be the first derivative of -3/2*w**2 + 48 + 0*w. Calculate s(6).
-18
Let i(r) = -35*r**3 + 4*r**2 + 46*r - 47. Let j be i(1). Let f(y) = 6*y + 198. Give f(j).
6
Let y(n) = 2*n**3 + 14*n**2 + 11*n - 3. Let t be y(-5). Suppose -t = 704*o - 698*o. Let i(b) = b**2 + 9*b + 7. Determine i(o).
-7
Suppose 4*p - 3*o = -23, -11*p - 2*o = -12*p - 2. Let l(z) = -11*z - 87. Determine l(p).
1
Let c(v) = -2*v**3 - 3*v**2 - 95*v + 97. Let k be c(1). Let b(m) = m**3 + 3*m**2 + 8*m + 4. Calculate b(k).
-20
Let b(f) be the first derivative of f**3/3 + 4*f**2 + 7*f + 9. Let z be b(-7). Suppose -7*l + 10*l = z. Let u(s) = -s + 6. Calculate u(l).
6
Let b = 224 - 224. Suppose b = 155*f - 151*f - 28. Let a(h) = -2*h**2 + 11*h - 10. What is a(f)?
-31
Let y(t) = t - 6. Let x(g) = 2*g - 13. Let h(a) = -3*x(a) + 7*y(a). Let s(z) = 2*z - 6. Let v(p) = 7*h(p) - 3*s(p). Suppose -30 = -33*q + 28*q. Give v(q).
3
Suppose -11*q + 184 = -113. Suppose -2*z - 5*g = -q, 21 = -4*z + g + 4*g. Let k(l) = -11*l**2 + 1. Determine k(z).
-10
Let l(q) = -339 - 7*q**2 - q**3 + q**2 - 6*q**2 + 193 - 16*q + 179. Give l(-10).
-7
Let p(k) = -k**3 + 24*k**2 - 45*k + 22. Let x be p(22). Let o(h) = h**2 - h + 1. Let y(u) = -7*u**2 + 5*u. Let j(b) = -6*o(b) - y(b). Determine j(x).
-6
L